Suppose b = -3*f + 12, i*f - 339 = -5*q + f. Is q prime?
True
Let k(t) = -157*t**2 + 6. Let r be k(8). Is (-5)/20 - r/8 composite?
True
Is (1 - 1 - 1)*(2 + -1005) composite?
True
Let i(b) = -b**3 - 13*b**2 - 24*b - 59. Is i(-20) composite?
False
Let k = 5111 + 2450. Is k a prime number?
True
Let p = -35 + 37. Is (5/p)/((-6)/(-348)) a composite number?
True
Suppose -23356 = -92*p + 88*p. Is p a composite number?
False
Let b be -1 + ((-39)/(-9) - 2/(-3)). Suppose b*t + t = 1115. Is t a prime number?
True
Let s = -99 - -221. Suppose -s*o - 3508 = -126*o. Is o a composite number?
False
Let c = 109 - 99. Suppose 0 = -h - c*h + 18799. Is h a prime number?
True
Suppose 3*w + 14 = 2*m - 0*m, -w + 3*m = 7. Let n = -1 - w. Let g(z) = 44*z - 1. Is g(n) a composite number?
False
Let v = 78 - -169. Is v a composite number?
True
Let m(v) = v - 1 - 4 - 1. Let j be m(6). Suppose q + j*q = 217. Is q composite?
True
Suppose -5*u + 34 = 29*u. Let x = -8 - 1. Is (1 - 28*x)*u a prime number?
False
Suppose -8*j = 17*j - 28475. Is j prime?
False
Let u be (-4)/(-10)*74*-5. Let g = u + 275. Is g composite?
False
Is (-8)/(56/3) - 50000/(-14) prime?
True
Suppose 4*x - 4*b + 6*b - 13968 = 0, 5*b = -3*x + 10483. Is x a composite number?
False
Suppose -5*d = 3*k - 1095, 4*k + 4*d - 261 = 1199. Suppose 0 = 6*r + 11 - k. Is r composite?
False
Suppose -n - 9 - 12 = 0. Let w = n - -335. Is w a composite number?
True
Let f = 13820 + -7197. Is f composite?
True
Let l(u) be the third derivative of -u**6/24 - u**5/60 - u**4/4 - 2*u**3/3 - 3*u**2. Let y be l(-3). Let c = 71 + y. Is c composite?
False
Let q be -7*-2*24/28. Suppose 3*k - 8 = 2*t, -6*k + q = -2*t - 2*k. Suppose -3*a = t*a - 385. Is a composite?
True
Suppose -5*h - 2 = p - 3*p, -p = -h - 4. Suppose 556 - 3328 = -p*g. Suppose 4*b = 2*q + g + 138, -437 = -3*b - 5*q. Is b prime?
True
Suppose -4*h = -5*u + 748, h + 2*u - 16 = -203. Let m = h - -342. Is m prime?
False
Suppose -20*w = 29735 - 550275. Is w prime?
False
Let j = 18047 - 11660. Is j a composite number?
True
Suppose 3*l = 5*n + 5 - 15, 4*n - 8 = -l. Is (977/(n/(-2 + 0)))/(-1) composite?
False
Let v(r) be the second derivative of -21*r**5/2 + r**4/12 + r + 24. Is v(-1) a prime number?
True
Suppose -3 = 2*b - 1. Is 7983/2 - ((-1)/2)/b a composite number?
True
Let t(x) = 49*x**2 - x + 7. Is t(9) a prime number?
True
Let a(f) = 7*f**2 + 14*f - 14. Let p(h) = -2*h**2 - 5*h + 5. Let j(l) = -4*a(l) - 11*p(l). Let q be j(1). Is q + 5 + (84 - 0) a prime number?
True
Let l be (1 + 0)/((-5)/1825). Let y = l + 1696. Suppose -r + 5*r - y = 3*h, 323 = r - 4*h. Is r a composite number?
True
Suppose -11*t - 63877 = -22*t. Is t prime?
True
Let b(q) = 107*q**2 - q - 78. Is b(-8) a composite number?
True
Suppose -4*q + 5 = -7. Suppose 0 = -q*k + 5*d - 673, -2 = 2*d + 6. Let h = -50 - k. Is h prime?
True
Let s(z) = 88*z - 6. Let o be s(3). Let v = o - 59. Is v composite?
False
Let l = 5 - -1236. Let v = -180 + l. Is v a composite number?
False
Let j be (-2 - 0) + 1 + 3. Let i(f) be the third derivative of 3*f**5/10 + f**4/12 + f**3/6 - 4*f**2 + 15*f. Is i(j) a prime number?
False
Suppose -20750 - 38911 = -21*z. Is z a prime number?
False
Let k be 4*(-1 + 6/3). Is k*(-4)/(32/(-170)) prime?
False
Let l = 4027 + -1917. Let w = -669 + l. Is w prime?
False
Is 3 - 0 - 2*15256/(-2) prime?
True
Let b(m) = 57*m**2 - 2*m - 19. Is b(8) a composite number?
False
Suppose 2*p + 2*p = 20. Suppose 2*z - 2*c - p = 3*z, 4*c = -8. Let b(u) = -67*u**3 - u**2 + 1. Is b(z) prime?
True
Suppose -8 = y - 10. Suppose y*t + t - 210 = 0. Is (-1 + 7)*t/42 a composite number?
True
Suppose 3*r - 5*b - 13673 = 0, r - 4565 = -0*r - 2*b. Is r a composite number?
False
Let c(z) = -z**3 - 10*z**2 + 10*z + 9. Let w(k) = -5*k - 3. Let f be w(3). Let j = -30 - f. Is c(j) a composite number?
True
Suppose 67655 = 7*g - 237846. Is g a composite number?
True
Suppose -2*f - 5840 = -4*l, -5*f = -5*l - 2*f + 7301. Is l a composite number?
False
Is 18/36 + 3261/2 prime?
False
Let f = -1618 + 2286. Let j be 746/(-2)*(1 - 0). Let z = f + j. Is z a composite number?
True
Let w(z) be the first derivative of z**4/4 - 10*z**3/3 + z**2 + 2*z - 11. Is w(11) a composite number?
True
Is (-3)/((-7)/28*3) - -6517 a composite number?
False
Let l be (-57)/(-9)*3*-1. Let f = 24 + l. Suppose -3*n - 101 = -f*h, -3*h = -0*n - n - 59. Is h a composite number?
False
Let u = 23 - 43. Let g be ((-75)/u)/((-1)/4). Let b = g - -25. Is b a prime number?
False
Suppose -5 = -c - 21. Let a = 34 - c. Suppose -3*g + a = 4*j - 93, 5*g - 277 = 3*j. Is g a prime number?
True
Let l(g) = g**3 - 4*g**2 + 14*g + 3. Is l(8) prime?
False
Let i be 5 - 1 - (-4687 - -3). Suppose 0*k - i = -8*k. Is k composite?
True
Let d(t) = 17*t**2 - 12*t + 105. Is d(8) a prime number?
True
Let d(y) = -y + 611. Let v be d(0). Let p = v + -338. Suppose -3*i + 162 = -p. Is i prime?
False
Let w(n) = 57*n**3 + 3*n**2 - 3*n - 22. Is w(3) composite?
True
Let q = 732 + -490. Let f = q - -1269. Is f composite?
False
Let s = 1287 - -30. Is s composite?
True
Suppose 3*k + 2*r - 38 = 0, 2*k - 3*k + 3*r + 31 = 0. Suppose 3*m = -m + k. Suppose 0 = -10*x + m*x + 114. Is x a prime number?
True
Let n(d) = d**3 - d + 2437. Is n(0) a prime number?
True
Suppose 18*z = 32595 + 26391. Is z a composite number?
True
Let l(o) = 4*o + 8. Let y be l(6). Let t = y - 34. Is 477 - t*4/4 a prime number?
True
Suppose 0 = -130*u + 74*u + 22232. Is u composite?
False
Let j(u) = 11*u + 7 + 4*u + 20*u**2 - 8*u - 5*u**2. Is j(-5) composite?
False
Is ((-3)/2)/(51/(-568174)) composite?
True
Let v be 1075/225 + 2/9. Let q be -2*(-3 + 2) + 1. Suppose -p + 350 = r + 96, -q*p - v*r = -768. Is p a prime number?
True
Suppose 148 = 3*k + 13. Suppose 2*s - k = -s. Is s a prime number?
False
Let a(r) = r**3 + 7*r**2 - r - 1. Let s be a(-7). Suppose 3*w + w = 3*h - s, -4*w = 4*h - 8. Suppose z = 3*u + 57, w*u + 3*u = -z + 57. Is z a prime number?
False
Let k be 12 + 3/(12/16). Suppose -3*l - 2*f + k - 4 = 0, 2*f = 2*l + 2. Is (2/l)/(7/679) a composite number?
False
Suppose 16*j - 23*j + 25865 = 0. Is j a composite number?
True
Suppose -3*w - 764 = -0*w - 2*b, -3*w - b - 779 = 0. Let o = -175 - w. Is o a prime number?
True
Let r be 12/(-8) - 31/(-2). Suppose -r*b = -9*b - 15. Suppose d - b*t - 28 = -0*d, 0 = -d + t + 34. Is d a prime number?
True
Let d be 4/14 + 19/7. Suppose d*y = -y - 8. Is 34 + (5 - y - 3) prime?
False
Let z = 8428 + -1974. Suppose -4*o + z = 2*l, 0*o + 3*o - 4*l - 4824 = 0. Let b = o + -929. Is b composite?
False
Suppose 7*l = 669 + 304. Let h(z) = 11*z**2 + 9*z + 8. Let n be h(-6). Let j = n - l. Is j composite?
False
Let g(p) = p**3 - 21*p**2 + p - 21. Let h be g(21). Is -16 + 50 + (h - 3/1) prime?
True
Let z(q) = q - 13. Let t be z(9). Let s = -11 - t. Let g = 17 + s. Is g a composite number?
True
Let t(s) = -302*s - 1. Let b be t(-4). Suppose 0 = 4*r + r + i - b, r = 3*i + 235. Suppose 85 = -4*f + r. Is f composite?
True
Suppose -3*v + 6951 = -5*t, v - 9268 = -3*v - 5*t. Is v composite?
True
Suppose 11*s - 15*s = -8. Suppose -4 = -l + 3*l, 5820 = s*w - l. Is w composite?
False
Suppose -4370 = 4*g + 2*z, -3*g + 5*z = -0*g + 3310. Let r = 1540 + g. Is r a composite number?
True
Let n = 12386 - 5677. Is n composite?
False
Is (11/(165/10))/((-8)/(-32628)) composite?
False
Suppose -3 = 9*x - 30. Suppose -x*r - 4*o = -4919, -2*r + o + 0*o = -3272. Is r a prime number?
True
Let p(s) = 77*s**2 - 7*s + 3. Let c be p(3). Suppose -1086 = -2*n - 310. Let g = c - n. Is g a prime number?
False
Let y = 3179 + -16. Is y composite?
False
Suppose -x + 1129 + 24104 = -4*y, 5*x + 3*y - 126280 = 0. Is x composite?
False
Let i = 1404 - 1969. Let q = i + 1427. Let j = -419 + q. Is j prime?
True
Let v(r) = r**3 - 5*r**2 - 5*r - 8. Let x be v(6). Let h(u) = 106*u - 4. Let m(c) = 1. Let a(i) = -h(i) - 5*m(i). Is a(x) composite?
False
Let p = 11053 - -1714. Is p a composite number?
True
Let f(w) = -300*w**3 + 3*w**2 + 8*w + 6. Let c(d) = 901*d**3 - 9*d**2 - 23*d - 17. Let y(z) = -6*c(z) - 17*f(z). Is y(-1) prime?
True
Is 978/(-9)*15/(-10) a prime number?
True
Suppose -d - 85 = -13. Let y = 131 + d. Is y a composite number?
False
Is 1*((-22228)/4)/(3 - 4) a prime number?
True
Let w be ((-20)/4)/(-3 - (-28)/8). Is ((-7428)/w)/1 + 2